-- 2024/02/22_08:58:17: Log Creation. Update of BioSource 5604 by user 650:
INSERT INTO Metabolite (name, chemicalFormula, weight, generic, idDB, dbIdentifier, charge) VALUES ('H2O','H2O','18.0153','0','4855','blabla','0');
-- 2024/02/22_08:58:17: Update of BioSource 5604 by user 650:
INSERT INTO MetaboliteInCompartment (idMetabolite, idCompartmentInBioSource) VALUES ('12307794', '31779');
-- 2024/02/22_08:58:17: Update of BioSource 5604 by user 650:
INSERT INTO MetaboliteInBioSource (idBioSource, idMetabolite, boundaryCondition, sideCompound, constant, hasOnlySubstanceUnit, substanceUnit, initialQuantity) VALUES ('5604', '12307794', '0', '0', '0', '0', '', '0');
-- 2024/02/22_08:58:17: Update of BioSource 5604 by user 650:
INSERT INTO  MetaboliteIdentifiers (idMetabolite, extDBName, extID, origin, score) VALUES ('12307794', 'keggid', 'C00001', 'UserInput', '1'), ('12307794', 'ChEBI', '15377', 'UserInput', '1'), ('12307794', 'inchi', 'InChI=1S/H2O/h1H2', 'UserInput', '1'), ('12307794', 'inchiKey', 'XLYOFNOQVPJJNP-UHFFFAOYSA-N', 'UserInput', '1'), ('12307794', 'smiles', '[H]O[H]', 'UserInput', '1'), ('12307794', 'CAS', '7732-18-5', 'UserInput', '1'), ('12307794', 'PubChem', '3303', 'UserInput', '1'), ('12307794', 'PDB-CCD', 'HOH O', 'UserInput', '1'), ('12307794', '3DMET', 'B01124', 'UserInput', '1'), ('12307794', 'NIKKAJI', 'J43.587B', 'UserInput', '1')
-- 2024/02/22_08:59:19: Update of BioSource 5604 by user 650:
INSERT INTO Metabolite (name, chemicalFormula, weight, generic, idDB, dbIdentifier, charge) VALUES ('H2O','H2O','18.0153','0','4855','blablabla','0');
-- 2024/02/22_08:59:19: Update of BioSource 5604 by user 650:
INSERT INTO MetaboliteInCompartment (idMetabolite, idCompartmentInBioSource) VALUES ('12307795', '31779');
-- 2024/02/22_08:59:19: Update of BioSource 5604 by user 650:
INSERT INTO MetaboliteInBioSource (idBioSource, idMetabolite, boundaryCondition, sideCompound, constant, hasOnlySubstanceUnit, substanceUnit, initialQuantity) VALUES ('5604', '12307795', '0', '0', '0', '0', '', '0');
-- 2024/02/22_08:59:19: Update of BioSource 5604 by user 650:
INSERT INTO  MetaboliteIdentifiers (idMetabolite, extDBName, extID, origin, score) VALUES ('12307795', 'keggid', 'C00001', 'UserInput', '1'), ('12307795', 'ChEBI', '15377', 'UserInput', '1'), ('12307795', 'inchi', 'InChI=1S/H2O/h1H2', 'UserInput', '1'), ('12307795', 'inchiKey', 'XLYOFNOQVPJJNP-UHFFFAOYSA-N', 'UserInput', '1'), ('12307795', 'smiles', '[H]O[H]', 'UserInput', '1'), ('12307795', 'CAS', '7732-18-5', 'UserInput', '1'), ('12307795', 'PubChem', '3303', 'UserInput', '1'), ('12307795', 'PDB-CCD', 'HOH O', 'UserInput', '1'), ('12307795', '3DMET', 'B01124', 'UserInput', '1'), ('12307795', 'NIKKAJI', 'J43.587B', 'UserInput', '1')
-- 2024/02/22_09:10:24: Update of BioSource 5604 by user 650:
INSERT INTO Reaction (name, generic, type, ec, idDB, dbIdentifier, go, goName) VALUES ('toto', '0', 'small', '', '4855', 'toto', '', '');
-- 2024/02/22_09:10:24: Update of BioSource 5604 by user 650:
INSERT INTO ReactionInBioSource (idReaction, idBioSource, reversible, hole, upperBound, lowerBound, fast) VALUES ('11634027', '5604','0', '0', '9999', '0', '0')
-- 2024/02/22_09:10:24: Update of BioSource 5604 by user 650:
INSERT INTO LeftParticipant (idReaction, idMetabolite, coeff,  side) VALUES ('11634027', '10074552',  '1', '0')
-- 2024/02/22_09:10:24: Update of BioSource 5604 by user 650:
INSERT INTO Biblio (pubmedid,title,authors,Journal,Year,ShortRef) VALUES ('1', 'Formate assay in body fluids: application in methanol poisoning.', 'Makar AB, McMartin KE, Palese M, Tephly TR', 'Biochemical medicine', '1975','Makar AB et al., 1975')
-- 2024/02/22_09:10:24: Update of BioSource 5604 by user 650:
INSERT INTO ReactionHasReference (idReaction,idBiblio) VALUES (11634027,821271)
-- 2024/02/22_09:11:28: Update of BioSource 5604 by user 650:
INSERT INTO Gene (name, dbIdentifier, dbId) VALUES ('titi','titi','4855');
-- 2024/02/22_09:11:28: Update of BioSource 5604 by user 650:
INSERT INTO GeneInBioSource (idGene, idBioSource) VALUES ('12760666', '5604')
-- 2024/02/22_09:12:25: Update of BioSource 5604 by user 650:
INSERT INTO Protein (name, dbIdentifier, dbId) VALUES ('tata','tatat','4855');
-- 2024/02/22_09:12:25: Update of BioSource 5604 by user 650:
INSERT INTO ProteinInBioSource (idProtein, idBioSource) VALUES ('12836354', '5604');
-- 2024/02/22_09:12:26: Update of BioSource 5604 by user 650:
INSERT INTO ProteinInEnzyme (idProteinInBioSource, idEnzymeInBioSource) VALUES ('12932725',  '9179898')
-- 2024/02/22_09:13:10: Update of BioSource 5604 by user 650:
INSERT INTO Enzyme (name, dbIdentifier, dbId) VALUES ('tutu','tutu','4855');
-- 2024/02/22_09:13:10: Update of BioSource 5604 by user 650:
INSERT INTO EnzymeInBioSource (idEnzyme, idBioSource) VALUES ('12212172', '5604');
-- 2024/02/22_09:13:10: Update of BioSource 5604 by user 650:
INSERT INTO ProteinInEnzyme (idProteinInBioSource, idEnzymeInBioSource) VALUES ('12932725',  '12418830')
